mon divisor of 345 and 60?
15
Calculate the highest common factor of 70 and 105.
35
What is the highest common factor of 36 and 816?
12
What is the highest common factor of 1260 and 175?
35
Calculate the highest common factor of 1422 and 162.
18
Calculate the highest common divisor of 78 and 8138.
26
Calculate the greatest common divisor of 672 and 42.
42
Calculate the highest common divisor of 400 and 16.
16
Calculate the highest common divisor of 3838 and 2626.
202
What is the highest common divisor of 4 and 5156?
4
Calculate the greatest common factor of 284 and 8.
4
Calculate the greatest common factor of 435 and 165.
15
Calculate the greatest common divisor of 12 and 8.
4
What is the greatest common factor of 166 and 11?
1
Calculate the greatest common divisor of 851 and 1591.
37
What is the highest common factor of 35483 and 14?
7
Calculate the greatest common divisor of 754 and 286.
26
What is the highest common factor of 3192 and 224?
56
Calculate the greatest common factor of 1581 and 204.
51
What is the highest common factor of 248 and 2356?
124
Calculate the greatest common divisor of 110 and 30.
10
Calculate the greatest common factor of 29 and 696.
29
Calculate the highest common factor of 116 and 87.
29
Calculate the greatest common factor of 60 and 732.
12
Calculate the greatest common divisor of 24 and 96.
24
What is the highest common factor of 55 and 5665?
55
Calculate the greatest common divisor of 672 and 21.
21
What is the greatest common divisor of 255 and 10?
5
Calculate the greatest common factor of 38 and 4351.
19
What is the highest common factor of 1407 and 5427?
201
Calculate the highest common divisor of 108 and 11745.
27
Calculate the highest common factor of 22404 and 12.
12
What is the highest common factor of 975 and 78?
39
What is the greatest common factor of 363 and 4653?
33
Calculate the highest common factor of 27 and 81.
27
What is the highest common divisor of 4240 and 60?
20
What is the greatest common divisor of 549 and 9?
9
What is the greatest common factor of 822 and 5069?
137
Calculate the greatest common factor of 147 and 105.
21
What is the highest common factor of 54 and 20844?
54
Calculate the highest common divisor of 902 and 44.
22
What is the highest common divisor of 39 and 39?
39
What is the greatest common factor of 56 and 14?
14
What is the highest common divisor of 962 and 26?
26
What is the highest common factor of 23 and 736?
23
Calculate the highest common divisor of 1304 and 344.
8
Calculate the greatest common factor of 166 and 6.
2
Calculate the greatest common factor of 40 and 74920.
40
What is the greatest common divisor of 330 and 720?
30
Calculate the greatest common divisor of 1940 and 400.
20
What is the highest common factor of 41 and 1189?
41
Calculate the highest common divisor of 1284 and 48.
12
What is the highest common factor of 168 and 1064?
56
Calculate the greatest common divisor of 227 and 13393.
227
Calculate the greatest common divisor of 585 and 45.
45
Calculate the highest common divisor of 1610 and 80.
10
What is the highest common divisor of 10 and 320?
10
What is the highest common factor of 1890 and 1701?
189
Calculate the greatest common factor of 54 and 17352.
18
What is the highest common factor of 50608 and 48?
16
Calculate the highest common divisor of 4838 and 123.
41
Calculate the greatest common factor of 33 and 2057.
11
Calculate the highest common factor of 575 and 23.
23
What is the highest common factor of 18724 and 186?
62
Calculate the greatest common divisor of 806 and 186.
62
What is the greatest common divisor of 363 and 33?
33
What is the greatest common factor of 4444 and 44?
44
Calculate the highest common divisor of 12 and 492.
12
What is the greatest common factor of 20 and 8?
4
What is the highest common factor of 36 and 60?
12
What is the greatest common divisor of 3081 and 79?
79
What is the greatest common factor of 7205 and 495?
55
Calculate the highest common factor of 35 and 2765.
35
What is the greatest common divisor of 6153 and 84?
21
What is the highest common factor of 885 and 35?
5
What is the greatest common factor of 1859 and 1183?
169
Calculate the highest common factor of 1266 and 6.
6
What is the highest common divisor of 3252 and 324?
12
Calculate the highest common factor of 2024 and 1496.
88
What is the greatest common factor of 28964 and 52?
52
Calculate the highest common divisor of 17 and 16.
1
What is the greatest common factor of 444 and 11766?
222
What is the highest common factor of 12 and 36?
12
Calculate the highest common divisor of 18 and 48.
6
What is the greatest common divisor of 952 and 112?
56
What is the highest common factor of 28 and 196?
28
Calculate the highest common factor of 80 and 305.
5
What is the greatest common factor of 232 and 87?
29
What is the greatest common divisor of 123 and 10045?
41
What is the greatest common factor of 12 and 1464?
12
Calculate the highest common factor of 320 and 60.
20
What is the highest common divisor of 44719 and 197?
197
What is the greatest common divisor of 350 and 28?
14
What is the greatest common factor of 140 and 1134?
14
Calculate the highest common factor of 4028 and 19.
19
What is the highest common factor of 93 and 124?
31
Calculate the highest common divisor of 20 and 548.
4
What is the highest common factor of 12562 and 22?
22
What is the greatest common divisor of 990 and 90?
90
What is the highest common divisor of 21588 and 84?
84
Calculate the greatest common factor of 72 and 120.
24
What is the highest common factor of 972 and 48?
12
What is the highest common factor of 36 and 3330?
18
What is the highest common factor of 208 and 78?
26
What is the greatest common factor of 242 and 704?
22
What is the highest common divisor of 364 and 676?
52
Calculate the highest common factor of 144 and 954.
18
What is the highest common divisor of 323 and 68?
17
What is the greatest common divisor of 1344 and 126?
42
What is the highest common divisor of 506 and 44?
22
Calculate the highest common divisor of 5512 and 52.
52
What is the highest common divisor of 750 and 90?
30
What is the highest common divisor of 463 and 4?
1
Calculate the highest common divisor of 901 and 187.
17
What is the greatest common divisor of 15283 and 31?
31
What is the greatest common divisor of 933 and 7?
1
Calculate the greatest common divisor of 79 and 8927.
79
What is the highest common factor of 88 and 121?
11
Calculate the greatest common factor of 6 and 6366.
6
Calculate the highest common factor of 38 and 190.
38
What is the highest common factor of 217 and 427?
7
Calculate the highest common divisor of 26 and 104.
26
What is the greatest common divisor of 675 and 540?
135
Calculate the greatest common factor of 2312 and 8.
8
What is the greatest common factor of 754 and 58?
58
What is the greatest common factor of 134 and 3417?
67
What is the greatest common factor of 90 and 6705?
45
Calculate the highest common divisor of 720 and 96.
48
Calculate the greatest common factor of 808 and 14.
2
Calculate the highest common divisor of 154 and 21.
7
What is the greatest common divisor of 2 and 58?
2
What is the highest common divisor of 46 and 4002?
46
Calculate the greatest common factor of 798 and 152.
38
What is the greatest common factor of 24 and 36?
12
Calculate the greatest common factor of 42 and 324.
6
What is the greatest common factor of 72 and 96?
24
Calculate the highest common factor of 35266 and 154.
154
Calculate the greatest common divisor of 1464 and 48.
24
Calculate the greatest common factor of 2023 and 119.
119
What is the highest common divisor of 96 and 2792?
8
What is the greatest common divisor of 82 and 4018?
82
Calculate the greatest common divisor of 6 and 14.
2
What is the greatest common divisor of 748 and 1054?
34
What is the highest common divisor of 2 and 14?
2
Calculate the greatest common factor of 54580 and 20.
20
What is the highest common divisor of 144 and 846?
18
Calculate the greatest common divisor of 2240 and 10.
10
Calculate the greatest common divisor of 34 and 3281.
17
Calculate the greatest common factor of 885 and 285.
15
What is the greatest common factor of 441 and 98?
49
Calculate the greatest common factor of 4 a